/3 + (-4)/3. Suppose 12 = 2*r + 4*b - 0*b, 5*r - t = -b. Suppose r*z - 13*z + 39 = 0. Calculate the remainder when 153 is divided by z.
10
Let m(p) = -68*p + 173. Let n be m(6). Let x = n - -342. What is the remainder when x is divided by -3*5/((-10)/12)?
17
Suppose 6711 + 1041 = 102*r. Calculate the remainder when r is divided by 30/(9/(-3))*-1.
6
Let b(r) = -r**2 - 12*r + 10. Suppose 2211*i - 168 = 2190*i. What is the remainder when b(-7) is divided by i?
5
Suppose -4*j + 2*a - 6 = -2*j, -3*j - 3 = 3*a. Let u = 72 + -63. Let h = u + j. Calculate the remainder when 17 is divided by h.
3
Calculate the remainder when 1210 is divided by 1 - (4/(-42) - ((-4278)/(-63) + -5)).
58
Let i(x) = -x**2 - 5*x + 2. Let m be i(0). Suppose m*u - 18 + 14 = 0. Let j(n) = n**2 - n. What is the remainder when 5 is divided by j(u)?
1
Suppose -8*c - 5 + 21 = 0. Suppose -c*r - 5*n + 49 = 0, -2*n = -4*r + 2*n + 112. Suppose 0 = -v - 8 + r. What is the remainder when 72 is divided by v?
15
Let m be 3/2*-524*1/3. Let t = m + 487. Calculate the remainder when t is divided by 38.
35
Suppose -11*t + 9*t = 24. Let l be t/2 + 3 + (-3 - -2). Let g(p) = -22*p - 23. What is the remainder when g(l) is divided by 23?
19
Calculate the remainder when 132 is divided by (6 + 299)*(7 + 297/(-45)).
10
Let r = 23 + -16. Let z = 88 + -84. What is the remainder when z + (1 + 76/(-16))*-4 is divided by r?
5
What is the remainder when ((-16443)/252)/((-2)/24) is divided by 240?
63
Let t(u) = u + 3. Let g be t(-3). Suppose 0 = -4*s + 2*x + 140, 4*x = -g*s + 2*s - 58. Let l = -5387 - -5534. What is the remainder when l is divided by s?
36
Let o(j) = -918*j + 6181. What is the remainder when o(5) is divided by 264?
7
Let b(d) = -14*d + 15 + 18 + 12 - 44. Calculate the remainder when 2/(-11) + 1887/33 is divided by b(-1).
12
Let d = -137 - -141. What is the remainder when (0 - (-21)/d)/(142/2840) is divided by 18?
15
Suppose -16 - 47 = -3*k. Let g be (-68)/(k/(-14)*4/6). Calculate the remainder when 133 is divided by (g/5)/(((-4)/10)/(-1)).
31
Suppose -3*h + 75 = 3*n, 123 = n + 4*n + 4*h. Let d(i) = 2*i**2 - 34*i - 4090. Calculate the remainder when d(55) is divided by n.
21
Suppose 3*g = -2*v + 155, 29*v + 53 = g + 30*v. Suppose 25 = -s + 6*s. Suppose 69 = s*n + 19. Calculate the remainder when g is divided by n.
9
Let w = -732 - -2397. Calculate the remainder when w is divided by 17.
16
Suppose -4*p - 2*j = j - 276, 2*p - j = 148. Let h = -24 + p. Suppose -3*q - 153 = -12*q. Calculate the remainder when h is divided by q.
14
Let l = -22232 + 22340. Calculate the remainder when 200 is divided by l.
92
What is the remainder when 2284 is divided by ((-60)/14)/(-15) + (-2642)/(-14)?
16
Suppose -4*s + 2*s = -144. Let x(j) be the second derivative of 9*j**4/4 - j**3/6 - 3*j**2/2 - 17*j. Calculate the remainder when s is divided by x(-1).
22
Let x be ((-319)/(-22))/(1/(-6)). Let b = -32 - x. What is the remainder when b is divided by 8?
7
Let k(h) = -h**2 + 97*h - 828. What is the remainder when 1002 is divided by k(87)?
36
Let t = 1708 + -1003. What is the remainder when t is divided by 701?
4
Suppose 0 = -2*l - 40 + 48. Let b(a) = 12*a**2 - 8*a + 2. What is the remainder when b(l) is divided by 42?
36
Let z = 62 - -117. Calculate the remainder when z is divided by -28 + 4284/154 - (-68)/11.
5
Let a(r) = -r**3 + 80*r**2 + 253*r - 260. Calculate the remainder when 1788 is divided by a(83).
60
Let l(b) = 2*b**2 + 52*b - 245. What is the remainder when 302 is divided by l(-34)?
3
Suppose 3*x - 750 = -2*x. Calculate the remainder when x is divided by -2*(-2)/16*(-164 - -208).
7
Let b be ((-10)/(-25))/((-5)/(-100)). What is the remainder when 1302/12 - (-12)/b is divided by 8?
6
Suppose 2*h = -0*h + 12. Let l(n) = 501*n**2 - 4*n. Let s be l(1). Let y = s - 488. What is the remainder when y is divided by h?
3
Let i = 35415 - 35241. Calculate the remainder when 974 is divided by i.
104
Suppose -33*s + 344 + 1197 + 373 = 0. Calculate the remainder when s is divided by 11.
3
Let m(y) = y - 6. Let g(r) = -r**2 - 6*r + 13. Let j be g(-7). Let b be m(j). What is the remainder when 43 is divided by (-22 - -24)*(b + 30/4)?
13
Suppose 2*y = -0*y + 2*p - 10, 0 = -y + 5*p - 1. Let o = 3 + y. Calculate the remainder when o - (4 + -4 - 105) is divided by 27.
21
Let g be (8/(-14))/(-11 - (-900)/84). Calculate the remainder when 177 is divided by 18 + -4 + 4 + g.
17
Suppose -6*h + 6445 = 5*u - 3*h, -3*h = -3*u + 3867. Suppose 4*s = 9*s - 430. What is the remainder when u is divided by s?
85
Suppose -2*l + 1004 + 1362 = k, -l + 1197 = -3*k. What is the remainder when l is divided by 34?
29
Let x(z) = 12*z + 91. What is the remainder when 944 is divided by x(-4)?
41
Let n = -548 - -524. Suppose 5*i - 455 = -0*i. Let x = n + i. What is the remainder when x is divided by 14?
11
Suppose 150*q + 173*q = 19057. Calculate the remainder when 3238 is divided by q.
52
Let k = -48634 - -48650. Let a be 4/4 + 3*1. Suppose 4*m - h = 187 + 53, m = -a*h + 77. What is the remainder when m is divided by k?
13
Let h be (-385)/2 + 5 + (-6)/(-4). Let w = h + 210. What is the remainder when 61 is divided by w?
13
Let w(c) = c**2 - 2*c**2 - 2*c - 6270 + 6276. Suppose -2*o = -2*m + 10, -2*m - 25 = 2*m + 5*o. What is the remainder when 18 is divided by w(m)?
0
Let h(a) = -a**3 + 14*a**2 - 9*a - 27. Let j be h(13). Suppose j = p + 24. What is the remainder when 23 is divided by p/5 + (-1357)/(-115)?
11
Suppose -4*i + 10 = -5*w, -3*w + 3*i - 2 = -2*w. Let c(x) = 25*x + 577. What is the remainder when c(-22) is divided by (-26)/(-3) + w/(-6)?
0
Suppose -3*a + 5*w = -107, 38 = 2*a - 3*w - 34. What is the remainder when 156 is divided by ((-416)/a)/((-3)/9)?
28
Let h = 3728 + -3418. Calculate the remainder when h is divided by 59.
15
Let q(n) = n**3 + 15*n**2 + 2. Let k be q(-15). Suppose -3*b = 3*h - 129, k*b = -2*h + 5*h - 114. Calculate the remainder when h is divided by 28.
12
Suppose w = 4*r, 6*w - r = 2*w. Suppose b + k = 68 - 17, w = -5*b - 4*k + 259. What is the remainder when b is divided by 14?
13
Suppose -3*z + 5*z - 4 = 0. Suppose z*b = -199 + 53. Let g = -63 - b. What is the remainder when g is divided by 3?
1
Let z(m) = 4*m + 14. Let u be z(-1). Let t(b) = 26*b + 10. Let r be t(u). Suppose -11*c + 5*c + r = 0. What is the remainder when c is divided by 10?
5
Let x(m) = -2*m**3 + 4*m**2 - 3*m + 2. Let l be x(2). Let q be (-5 + 2 + 0)*1505/(-105). Let y = q - l. What is the remainder when y is divided by 12?
11
Suppose -5*j - 4*f + f + 145 = 0, 2*j - 2*f = 74. What is the remainder when j is divided by 6 - (30/(-8) + (-33)/(-44))?
5
Let f be (61 - 61)*2/(-4). Calculate the remainder when 52 is divided by f + 1 + (21 - 13).
7
Let b = 606 + -366. Suppose 0 = b*x - 238*x - 12. Suppose 70 - 16 = 2*w. What is the remainder when w is divided by x?
3
Let o be 625/10 + (-5)/(-10). Suppose 39 = -2*b + o. What is the remainder when 129 is divided by b?
9
Let o = -563 - -291. Let j = 616 + o. Suppose 4*z - 2*u - 360 = 0, -4*z + 2*u + j = 4*u. What is the remainder when z is divided by 15?
13
Let b(r) = -r - 3. Let m be (-3)/12 + 88/(-32). Let f be b(m). Suppose q - 3*p + 12 - 2 = f, -q + p - 2 = 0. Calculate the remainder when 9 is divided by q.
1
Calculate the remainder when 692 is divided by 26/((-140)/(-30) - 4).
29
Let n(t) = t**3 + 7*t - 16*t + 16*t - 6*t**2 - 8. Suppose -5*k = -5*b + 70, 0*b + 2*k + 10 = b. What is the remainder when n(6) is divided by b?
16
Let p be (1 + (-5 - -2))*(-2059)/58. Suppose -3*i - 2*h + 56 = 0, -2*i - 21 = -5*h - p. What is the remainder when 138 is divided by i?
18
Let w = 384 + -352. Suppose -v + w = v + t, -5*v - t = -86. What is the remainder when 302 is divided by v?
14
Suppose -2*x = -7*x + 435. Suppose 4 = -4*a, -a - 16 = 13*r - 14*r. Calculate the remainder when x is divided by r.
12
Let y(d) = d**2 - 10*d - 32. Let c be (-158)/(-12) + 6/(-36). What is the remainder when (4 + -26 + -3)*(-1)/1 is divided by y(c)?
4
Calculate the remainder when 1648 is divided by 252/(-98)*-21 + 0 + (1 - 0).
53
Suppose -3*i = 5*f - 64, -4*f = 2*i - i - 47. Suppose f = 2*w - 21. Suppose 0 = -1152*z + 1137*z + 135. Calculate the remainder when w is divided by z.
7
Suppose 57 = 3*x + 3*m, m - 29 = -4*x + 32. Suppose 4*j